{"id":1846,"date":"2017-07-24T20:50:51","date_gmt":"2017-07-24T18:50:51","guid":{"rendered":"http:\/\/ff-waldbach.at\/wordpress\/?page_id=1846"},"modified":"2025-02-19T16:58:23","modified_gmt":"2025-02-19T14:58:23","slug":"geraetschaften-schutzausruestungen","status":"publish","type":"page","link":"https:\/\/ff-waldbach.at\/wordpress\/?page_id=1846","title":{"rendered":"Ger\u00e4tschaften &#038; Schutzausr\u00fcstungen"},"content":{"rendered":"<p>Digitalfunkger\u00e4te<br \/>\nTyp:<br \/>\n5 Stk. BOS &#8211; Austria Sepura STP 9000<br \/>\n1 Stk. BOS &#8211; Austria Sepura SRG 3900<br \/>\nAnschaffung: 2014<br \/>\n<a href=\"https:\/\/ff-waldbach.at\/wordpress\/wp-content\/uploads\/2017\/07\/1.jpg\"><img loading=\"lazy\" decoding=\"async\" class=\" wp-image-1848 alignleft\" src=\"https:\/\/ff-waldbach.at\/wordpress\/wp-content\/uploads\/2017\/07\/1-300x225.jpg\" alt=\"1\" width=\"210\" height=\"158\" srcset=\"https:\/\/ff-waldbach.at\/wordpress\/wp-content\/uploads\/2017\/07\/1-300x225.jpg 300w, https:\/\/ff-waldbach.at\/wordpress\/wp-content\/uploads\/2017\/07\/1-400x300.jpg 400w, https:\/\/ff-waldbach.at\/wordpress\/wp-content\/uploads\/2017\/07\/1.jpg 640w\" sizes=\"auto, (max-width: 210px) 100vw, 210px\" \/><\/a> <a href=\"https:\/\/ff-waldbach.at\/wordpress\/wp-content\/uploads\/2017\/07\/2.jpg\"><img loading=\"lazy\" decoding=\"async\" class=\"wp-image-1849 alignleft\" src=\"https:\/\/ff-waldbach.at\/wordpress\/wp-content\/uploads\/2017\/07\/2-300x199.jpg\" alt=\"KONICA MINOLTA DIGITAL CAMERA\" width=\"239\" height=\"158\" srcset=\"https:\/\/ff-waldbach.at\/wordpress\/wp-content\/uploads\/2017\/07\/2-300x199.jpg 300w, https:\/\/ff-waldbach.at\/wordpress\/wp-content\/uploads\/2017\/07\/2-450x300.jpg 450w, https:\/\/ff-waldbach.at\/wordpress\/wp-content\/uploads\/2017\/07\/2.jpg 640w\" sizes=\"auto, (max-width: 239px) 100vw, 239px\" \/><\/a><\/p>\n<p>Hochdruckreiniger<br \/>\nTyp: K\u00e4rcher<br \/>\nAnschaffung: 2015<br \/>\n<a href=\"https:\/\/ff-waldbach.at\/wordpress\/wp-content\/uploads\/2017\/07\/kaercher-hds-8-18-4-c.jpg\"><img loading=\"lazy\" decoding=\"async\" class=\" wp-image-1854 alignleft\" src=\"https:\/\/ff-waldbach.at\/wordpress\/wp-content\/uploads\/2017\/07\/kaercher-hds-8-18-4-c-300x258.jpg\" alt=\"kaercher-hds-8-18-4-c\" width=\"147\" height=\"127\" srcset=\"https:\/\/ff-waldbach.at\/wordpress\/wp-content\/uploads\/2017\/07\/kaercher-hds-8-18-4-c-300x258.jpg 300w, https:\/\/ff-waldbach.at\/wordpress\/wp-content\/uploads\/2017\/07\/kaercher-hds-8-18-4-c-347x300.jpg 347w, https:\/\/ff-waldbach.at\/wordpress\/wp-content\/uploads\/2017\/07\/kaercher-hds-8-18-4-c.jpg 350w\" sizes=\"auto, (max-width: 147px) 100vw, 147px\" \/><\/a><\/p>\n<p>W\u00e4rmebildkamera<br \/>\nTyp: Bullard Eclipse LDX<br \/>\nAnschaffung: 2016<br \/>\n<a href=\"https:\/\/ff-waldbach.at\/wordpress\/wp-content\/uploads\/2017\/07\/4403_0.jpg\"><img loading=\"lazy\" decoding=\"async\" class=\" wp-image-1858 alignleft\" src=\"https:\/\/ff-waldbach.at\/wordpress\/wp-content\/uploads\/2017\/07\/4403_0-300x300.jpg\" alt=\"4403_0\" width=\"147\" height=\"147\" srcset=\"https:\/\/ff-waldbach.at\/wordpress\/wp-content\/uploads\/2017\/07\/4403_0-300x300.jpg 300w, https:\/\/ff-waldbach.at\/wordpress\/wp-content\/uploads\/2017\/07\/4403_0-150x150.jpg 150w, https:\/\/ff-waldbach.at\/wordpress\/wp-content\/uploads\/2017\/07\/4403_0.jpg 500w\" sizes=\"auto, (max-width: 147px) 100vw, 147px\" \/><\/a><\/p>\n<p>24 Stk. Feuerwehrhelme<br \/>\nTyp: Gallet F1 XF<br \/>\nAnschaffung: 2016<br \/>\n<a href=\"https:\/\/ff-waldbach.at\/wordpress\/wp-content\/uploads\/2017\/07\/gallet-f1-xf-yellow_1024x1024.jpg\"><img loading=\"lazy\" decoding=\"async\" class=\" wp-image-1859 alignleft\" src=\"https:\/\/ff-waldbach.at\/wordpress\/wp-content\/uploads\/2017\/07\/gallet-f1-xf-yellow_1024x1024-300x300.jpg\" alt=\"gallet-f1-xf-yellow_1024x1024\" width=\"147\" height=\"147\" srcset=\"https:\/\/ff-waldbach.at\/wordpress\/wp-content\/uploads\/2017\/07\/gallet-f1-xf-yellow_1024x1024-300x300.jpg 300w, https:\/\/ff-waldbach.at\/wordpress\/wp-content\/uploads\/2017\/07\/gallet-f1-xf-yellow_1024x1024-150x150.jpg 150w, https:\/\/ff-waldbach.at\/wordpress\/wp-content\/uploads\/2017\/07\/gallet-f1-xf-yellow_1024x1024.jpg 800w\" sizes=\"auto, (max-width: 147px) 100vw, 147px\" \/><\/a><\/p>\n<p>25 Stk. Feuerwehrhandschuhe<br \/>\nTyp: Patron Fire<br \/>\nAnschaffung: 2016<br \/>\n<a href=\"https:\/\/ff-waldbach.at\/wordpress\/wp-content\/uploads\/2017\/07\/patron_fire_soft_1.jpg\"><img loading=\"lazy\" decoding=\"async\" class=\" wp-image-1860 alignleft\" src=\"https:\/\/ff-waldbach.at\/wordpress\/wp-content\/uploads\/2017\/07\/patron_fire_soft_1.jpg\" alt=\"patron_fire_soft_1\" width=\"137\" height=\"147\" \/><\/a><\/p>\n<p>10 Stk. Feuerwehrgurte<br \/>\nTyp: Variante A<br \/>\nAnschaffung: 2016<br \/>\n<a href=\"https:\/\/ff-waldbach.at\/wordpress\/wp-content\/uploads\/2017\/07\/a.png\"><img loading=\"lazy\" decoding=\"async\" class=\" wp-image-1862 alignleft\" src=\"https:\/\/ff-waldbach.at\/wordpress\/wp-content\/uploads\/2017\/07\/a-300x41.png\" alt=\"a\" width=\"210\" height=\"29\" srcset=\"https:\/\/ff-waldbach.at\/wordpress\/wp-content\/uploads\/2017\/07\/a-300x41.png 300w, https:\/\/ff-waldbach.at\/wordpress\/wp-content\/uploads\/2017\/07\/a.png 369w\" sizes=\"auto, (max-width: 210px) 100vw, 210px\" \/><\/a><\/p>\n<p>Schwimmsauger<br \/>\nTyp: S 50<br \/>\nAnschaffung: 2017<br \/>\n<a href=\"https:\/\/ff-waldbach.at\/wordpress\/wp-content\/uploads\/2017\/07\/1103320-medium.png\"><img loading=\"lazy\" decoding=\"async\" class=\" wp-image-1863 alignleft\" src=\"https:\/\/ff-waldbach.at\/wordpress\/wp-content\/uploads\/2017\/07\/1103320-medium.png\" alt=\"1103320-medium\" width=\"105\" height=\"120\" \/><\/a><\/p>\n<p>3 Stk. Pressluftatmer<br \/>\nTyp: MSA Auer Air Go<br \/>\nAnschaffung: 2017<br \/>\n<a href=\"https:\/\/ff-waldbach.at\/wordpress\/wp-content\/uploads\/2017\/07\/cms144_a_big.jpg\"><img loading=\"lazy\" decoding=\"async\" class=\" wp-image-1864 alignleft\" src=\"https:\/\/ff-waldbach.at\/wordpress\/wp-content\/uploads\/2017\/07\/cms144_a_big-300x206.jpg\" alt=\"cms144_a_big\" width=\"147\" height=\"101\" srcset=\"https:\/\/ff-waldbach.at\/wordpress\/wp-content\/uploads\/2017\/07\/cms144_a_big-300x206.jpg 300w, https:\/\/ff-waldbach.at\/wordpress\/wp-content\/uploads\/2017\/07\/cms144_a_big-435x300.jpg 435w, https:\/\/ff-waldbach.at\/wordpress\/wp-content\/uploads\/2017\/07\/cms144_a_big.jpg 600w\" sizes=\"auto, (max-width: 147px) 100vw, 147px\" \/><\/a><\/p>\n<p>9 Stk. Atemschutzmasken<br \/>\nTyp: Ultra Elite PS-MaXX<br \/>\nAnschaffung: 2017<br \/>\n<a href=\"https:\/\/ff-waldbach.at\/wordpress\/wp-content\/uploads\/2017\/07\/40129701.jpg\"><img loading=\"lazy\" decoding=\"async\" class=\" wp-image-1865 alignleft\" src=\"https:\/\/ff-waldbach.at\/wordpress\/wp-content\/uploads\/2017\/07\/40129701.jpg\" alt=\"40129701\" width=\"96\" height=\"147\" \/><\/a><\/p>\n<p>Schaufeltrage<br \/>\nTyp: FERNO 65 EXL<br \/>\nAnschaffung: 2017<br \/>\n<a href=\"https:\/\/ff-waldbach.at\/wordpress\/wp-content\/uploads\/2017\/07\/exl_b.jpg\"><img loading=\"lazy\" decoding=\"async\" class=\" wp-image-1866 alignleft\" src=\"https:\/\/ff-waldbach.at\/wordpress\/wp-content\/uploads\/2017\/07\/exl_b-300x289.jpg\" alt=\"exl_b\" width=\"103\" height=\"99\" srcset=\"https:\/\/ff-waldbach.at\/wordpress\/wp-content\/uploads\/2017\/07\/exl_b-300x289.jpg 300w, https:\/\/ff-waldbach.at\/wordpress\/wp-content\/uploads\/2017\/07\/exl_b-310x300.jpg 310w, https:\/\/ff-waldbach.at\/wordpress\/wp-content\/uploads\/2017\/07\/exl_b.jpg 600w\" sizes=\"auto, (max-width: 103px) 100vw, 103px\" \/><\/a><\/p>\n<p>Splitterschutz<br \/>\nAnschaffung: 2017<br \/>\n<a href=\"https:\/\/ff-waldbach.at\/wordpress\/wp-content\/uploads\/2017\/07\/splitterschutz_1.jpg\"><img loading=\"lazy\" decoding=\"async\" class=\" wp-image-1869 alignleft\" src=\"https:\/\/ff-waldbach.at\/wordpress\/wp-content\/uploads\/2017\/07\/splitterschutz_1.jpg\" alt=\"splitterschutz_1\" width=\"49\" height=\"49\" \/><\/a><\/p>\n","protected":false},"excerpt":{"rendered":"<p>Digitalfunkger\u00e4te Typ: 5 Stk. BOS &#8211; Austria Sepura STP 9000 1 Stk. BOS &#8211; Austria Sepura SRG 3900 Anschaffung: 2014 [&hellip;]<\/p>\n","protected":false},"author":1,"featured_media":0,"parent":77,"menu_order":0,"comment_status":"closed","ping_status":"closed","template":"","meta":{"_coblocks_attr":"","_coblocks_dimensions":"","_coblocks_responsive_height":"","_coblocks_accordion_ie_support":"","footnotes":""},"class_list":["post-1846","page","type-page","status-publish","hentry","post"],"_links":{"self":[{"href":"https:\/\/ff-waldbach.at\/wordpress\/index.php?rest_route=\/wp\/v2\/pages\/1846","targetHints":{"allow":["GET"]}}],"collection":[{"href":"https:\/\/ff-waldbach.at\/wordpress\/index.php?rest_route=\/wp\/v2\/pages"}],"about":[{"href":"https:\/\/ff-waldbach.at\/wordpress\/index.php?rest_route=\/wp\/v2\/types\/page"}],"author":[{"embeddable":true,"href":"https:\/\/ff-waldbach.at\/wordpress\/index.php?rest_route=\/wp\/v2\/users\/1"}],"replies":[{"embeddable":true,"href":"https:\/\/ff-waldbach.at\/wordpress\/index.php?rest_route=%2Fwp%2Fv2%2Fcomments&post=1846"}],"version-history":[{"count":13,"href":"https:\/\/ff-waldbach.at\/wordpress\/index.php?rest_route=\/wp\/v2\/pages\/1846\/revisions"}],"predecessor-version":[{"id":3898,"href":"https:\/\/ff-waldbach.at\/wordpress\/index.php?rest_route=\/wp\/v2\/pages\/1846\/revisions\/3898"}],"up":[{"embeddable":true,"href":"https:\/\/ff-waldbach.at\/wordpress\/index.php?rest_route=\/wp\/v2\/pages\/77"}],"wp:attachment":[{"href":"https:\/\/ff-waldbach.at\/wordpress\/index.php?rest_route=%2Fwp%2Fv2%2Fmedia&parent=1846"}],"curies":[{"name":"wp","href":"https:\/\/api.w.org\/{rel}","templated":true}]}}