{"id":278,"date":"2013-12-16T21:34:27","date_gmt":"2013-12-16T19:34:27","guid":{"rendered":"http:\/\/ff-waldbach.at\/wordpress\/?page_id=278"},"modified":"2025-03-16T21:44:12","modified_gmt":"2025-03-16T19:44:12","slug":"kontakt-impressum","status":"publish","type":"page","link":"https:\/\/ff-waldbach.at\/wordpress\/?page_id=278","title":{"rendered":"Impressum"},"content":{"rendered":"\n<p class=\"has-text-align-center is-style-error coblocks-animate\" data-coblocks-animation=\"zoomIn\" style=\"font-size:33px\"><strong>Freiwillige Feuerwehr Waldbach<\/strong><br>Arzberg 154<br>A-8253 Waldbach-M\u00f6nichwald<br><\/p>\n\n\n\n<h3 class=\"wp-block-heading has-text-align-center coblocks-animate\" data-coblocks-animation=\"zoomIn\" style=\"font-size:33px\">F\u00fcr den Inhalt verantwortlich<\/h3>\n\n\n\n<p class=\"has-text-align-center coblocks-animate\" data-coblocks-animation=\"zoomIn\" style=\"font-size:20px\">Kommandantin: HBI Michaela Gaugl<br><\/p>\n\n\n\n<h3 class=\"wp-block-heading has-text-align-center coblocks-animate\" data-coblocks-animation=\"zoomIn\" style=\"font-size:33px\">Kontakt<\/h3>\n\n\n\n<p class=\"has-text-align-center coblocks-animate\" data-coblocks-animation=\"zoomIn\" style=\"font-size:20px\"><strong>Tel.:<\/strong>&nbsp;0664 88 53 80 10<br><strong>E-Mail:<\/strong>&nbsp;<a href=\"mailto:kdo.038@bfvhb.at\">kdo.039@bfvhb.at<\/a><br><br><\/p>\n\n\n\n<h3 class=\"wp-block-heading has-text-align-center coblocks-animate\" data-coblocks-animation=\"zoomIn\" style=\"font-size:33px\">Bildnachweis<\/h3>\n\n\n\n<p class=\"has-text-align-center coblocks-animate\" data-coblocks-animation=\"zoomIn\" style=\"font-size:20px\">Alle Bilder auf dieser Website sind, sofern nicht anders angegeben, Eigentum der Freiwilligen Feuerwehr Waldbach.<br><br><br><img loading=\"lazy\" decoding=\"async\" width=\"150\" height=\"150\" class=\"wp-image-3990\" style=\"width: 150px;\" src=\"https:\/\/ff-waldbach.at\/wordpress\/wp-content\/uploads\/2025\/03\/70b2317f-7555-4fff-8e10-580ba6a317f7-4.jpeg\" alt=\"\" srcset=\"https:\/\/ff-waldbach.at\/wordpress\/wp-content\/uploads\/2025\/03\/70b2317f-7555-4fff-8e10-580ba6a317f7-4.jpeg 1600w, https:\/\/ff-waldbach.at\/wordpress\/wp-content\/uploads\/2025\/03\/70b2317f-7555-4fff-8e10-580ba6a317f7-4-300x300.jpeg 300w, https:\/\/ff-waldbach.at\/wordpress\/wp-content\/uploads\/2025\/03\/70b2317f-7555-4fff-8e10-580ba6a317f7-4-1024x1024.jpeg 1024w, https:\/\/ff-waldbach.at\/wordpress\/wp-content\/uploads\/2025\/03\/70b2317f-7555-4fff-8e10-580ba6a317f7-4-150x150.jpeg 150w, https:\/\/ff-waldbach.at\/wordpress\/wp-content\/uploads\/2025\/03\/70b2317f-7555-4fff-8e10-580ba6a317f7-4-768x768.jpeg 768w, https:\/\/ff-waldbach.at\/wordpress\/wp-content\/uploads\/2025\/03\/70b2317f-7555-4fff-8e10-580ba6a317f7-4-1536x1536.jpeg 1536w\" sizes=\"auto, (max-width: 150px) 100vw, 150px\" \/><br><br><br><br>Wir bem\u00fchen uns um m\u00f6glichst korrekte und aktuelle Informationen. Dennoch k\u00f6nnen Fehler nicht ausgeschlossen werden. Sollten Sie Grund zur Beanstandung haben, so bitten wir Sie sich mit uns in Verbindung zu setzen. \u00c4nderungen k\u00f6nnen jederzeit vorgenommen werden.<\/p>\n","protected":false},"excerpt":{"rendered":"<p>Freiwillige Feuerwehr WaldbachArzberg 154A-8253 Waldbach-M\u00f6nichwald F\u00fcr den Inhalt verantwortlich Kommandantin: HBI Michaela Gaugl Kontakt Tel.:&nbsp;0664 88 53 80 10E-Mail:&nbsp;kdo.039@bfvhb.at Bildnachweis [&hellip;]<\/p>\n","protected":false},"author":1,"featured_media":0,"parent":0,"menu_order":0,"comment_status":"closed","ping_status":"closed","template":"","meta":{"_coblocks_attr":"","_coblocks_dimensions":"","_coblocks_responsive_height":"","_coblocks_accordion_ie_support":"","footnotes":""},"class_list":["post-278","page","type-page","status-publish","hentry","post"],"_links":{"self":[{"href":"https:\/\/ff-waldbach.at\/wordpress\/index.php?rest_route=\/wp\/v2\/pages\/278","targetHints":{"allow":["GET"]}}],"collection":[{"href":"https:\/\/ff-waldbach.at\/wordpress\/index.php?rest_route=\/wp\/v2\/pages"}],"about":[{"href":"https:\/\/ff-waldbach.at\/wordpress\/index.php?rest_route=\/wp\/v2\/types\/page"}],"author":[{"embeddable":true,"href":"https:\/\/ff-waldbach.at\/wordpress\/index.php?rest_route=\/wp\/v2\/users\/1"}],"replies":[{"embeddable":true,"href":"https:\/\/ff-waldbach.at\/wordpress\/index.php?rest_route=%2Fwp%2Fv2%2Fcomments&post=278"}],"version-history":[{"count":14,"href":"https:\/\/ff-waldbach.at\/wordpress\/index.php?rest_route=\/wp\/v2\/pages\/278\/revisions"}],"predecessor-version":[{"id":4048,"href":"https:\/\/ff-waldbach.at\/wordpress\/index.php?rest_route=\/wp\/v2\/pages\/278\/revisions\/4048"}],"wp:attachment":[{"href":"https:\/\/ff-waldbach.at\/wordpress\/index.php?rest_route=%2Fwp%2Fv2%2Fmedia&parent=278"}],"curies":[{"name":"wp","href":"https:\/\/api.w.org\/{rel}","templated":true}]}}